{"id":9463,"date":"2023-02-20T02:28:53","date_gmt":"2023-02-20T02:28:53","guid":{"rendered":"https:\/\/buy.williamscookstools.com\/product\/louis-vuitton-m45124-escale-nono-mm\/"},"modified":"2026-04-27T10:11:54","modified_gmt":"2026-04-29T02:44:04","slug":"louis-vuitton-m45124-escale-nono-mm","status":"publish","type":"product","link":"https:\/\/www.outletbag.us.com\/home\/product\/louis-vuitton-m45124-escale-nono-mm\/","title":{"rendered":"Louis Vuitton M45124 Escale N\u00e9ono\u00e9 MM"},"content":{"rendered":"<p>This N\u00e9oNo\u00e9 bucket bag is crafted from tie-dye interwoven letter canvas, suitable for the Louis Vuitton Escale collection. This season, Louis Vuitton handbags, footwear, and clothing all feature this unexpected pattern, inspired by the Japanese Shibori technique of tying fabric before dyeing. This lightweight bag comes with a detachable shoulder strap, allowing it to be carried on the shoulder or across the body.<\/p>\n<p>Detailed Features:<\/p>\n<ul>\n<li>Dimensions: 10.24 x 10.24 x 6.89 inches (Length x Height x Width)<\/li>\n<li>Color: Pastel<\/li>\n<li>Material: Interwoven letter-coated canvas<\/li>\n<li>Trim: Cowhide leather<\/li>\n<li>Lining: Textile<\/li>\n<li>Hardware: Silver-tone<\/li>\n<li>Detachable, adjustable shoulder strap (Height: minimum 31 cm\/12.2 inches, maximum 54 cm\/21.3 inches) with snap buttons for shoulder or crossbody wear<\/li>\n<li>2 compartments<\/li>\n<li>Central flat pocket with zipper<\/li>\n<li>Closure: Drawstring closure<\/li>\n<li>Metal eyelets for added detail<\/li>\n<li>Brand: Louis Vuitton<\/li>\n<li>Type: Shoulder Bag<\/li>\n<li>Color: Pink<\/li>\n<\/ul>\n<p>We guarantee that all products sold on our website are authentic and brand new, in their original packaging, and sourced directly from the manufacturer or authorized manufacturer&#8217;s agents. We do not sell any replicas, second-hand, altered, or refurbished products.<\/p>\n<p>We offer various shipping destinations and shipping cost options. We allow full refunds and free exchanges within 30 days. For complete details, please read our shipping policy and return and exchange policy.<\/p>\n","protected":false},"excerpt":{"rendered":"<p>This N\u00e9oNo\u00e9 bucket bag is crafted from tie-dye interwoven letter canvas, suitable for the Louis Vuitton Escale collection. This season,<\/p>\n","protected":false},"featured_media":9464,"template":"","meta":[],"product_brand":[],"product_cat":[349,348,369],"product_tag":[],"class_list":{"0":"post-9463","1":"product","2":"type-product","3":"status-publish","4":"has-post-thumbnail","6":"product_cat-best-sellers","7":"product_cat-classic-bags","8":"product_cat-neonoe-bag","9":"pa_color-pastel","10":"pa_material-interwoven-letter-coated-canvas","12":"first","13":"instock","14":"sale","15":"purchasable","16":"product-type-simple"},"yoast_head":"<!-- This site is optimized with the Yoast SEO Premium plugin v25.5 (Yoast SEO v27.1.1) - https:\/\/yoast.com\/product\/yoast-seo-premium-wordpress\/ -->\n<title>Outlet Louis Vuitton M45124 Escale N\u00e9ono\u00e9 MM On Sale - Bags Outlet \u00ae<\/title>\n<meta name=\"description\" content=\"Get one of the hottest styles of the season! The Outlet Louis Vuitton M45124 Escale N\u00e9ono\u00e9 MM is a top 10 member favorite on Outlet Louis Vuitton Online Store. Save on yours before they&#039;re sold out!\" \/>\n<meta name=\"robots\" content=\"index, follow, max-snippet:-1, max-image-preview:large, max-video-preview:-1\" \/>\n<link rel=\"canonical\" href=\"https:\/\/www.outletbag.us.com\/home\/product\/louis-vuitton-m45124-escale-nono-mm\/\" \/>\n<meta property=\"og:locale\" content=\"en_US\" \/>\n<meta property=\"og:type\" content=\"article\" \/>\n<meta property=\"og:title\" content=\"Outlet Louis Vuitton M45124 Escale N\u00e9ono\u00e9 MM On Sale - Bags Outlet \u00ae\" \/>\n<meta property=\"og:description\" content=\"Get one of the hottest styles of the season! The Outlet Louis Vuitton M45124 Escale N\u00e9ono\u00e9 MM is a top 10 member favorite on Outlet Louis Vuitton Online Store. Save on yours before they&#039;re sold out!\" \/>\n<meta property=\"og:url\" content=\"https:\/\/www.outletbag.us.com\/home\/product\/louis-vuitton-m45124-escale-nono-mm\/\" \/>\n<meta property=\"og:site_name\" content=\"Bags Outlet \u00ae\" \/>\n<meta property=\"article:modified_time\" content=\"2026-04-29T02:44:04+00:00\" \/>\n<meta property=\"og:image\" content=\"https:\/\/www.outletbag.us.com\/wp-content\/uploads\/2023\/02\/7f3ac88d4f0ff235955550bb9665bca3.jpg\" \/>\n\t<meta property=\"og:image:width\" content=\"800\" \/>\n\t<meta property=\"og:image:height\" content=\"800\" \/>\n\t<meta property=\"og:image:type\" content=\"image\/jpeg\" \/>\n<meta name=\"twitter:card\" content=\"summary_large_image\" \/>\n<script type=\"application\/ld+json\" class=\"yoast-schema-graph\">{\"@context\":\"https:\/\/schema.org\",\"@graph\":[{\"@type\":[\"WebPage\",\"ItemPage\"],\"@id\":\"https:\/\/www.outletbag.us.com\/home\/product\/louis-vuitton-m45124-escale-nono-mm\/\",\"url\":\"https:\/\/www.outletbag.us.com\/home\/product\/louis-vuitton-m45124-escale-nono-mm\/\",\"name\":\"Outlet Louis Vuitton M45124 Escale N\u00e9ono\u00e9 MM On Sale - Bags Outlet \u00ae\",\"isPartOf\":{\"@id\":\"https:\/\/www.outletbag.shop\/shop\/#website\"},\"primaryImageOfPage\":{\"@id\":\"https:\/\/www.outletbag.us.com\/home\/product\/louis-vuitton-m45124-escale-nono-mm\/#primaryimage\"},\"image\":{\"@id\":\"https:\/\/www.outletbag.us.com\/home\/product\/louis-vuitton-m45124-escale-nono-mm\/#primaryimage\"},\"thumbnailUrl\":\"https:\/\/www.outletbag.us.com\/wp-content\/uploads\/2023\/02\/7f3ac88d4f0ff235955550bb9665bca3.jpg\",\"datePublished\":\"2023-02-20T02:28:53+00:00\",\"dateModified\":\"2026-04-29T02:44:04+00:00\",\"description\":\"Get one of the hottest styles of the season! The Outlet Louis Vuitton M45124 Escale N\u00e9ono\u00e9 MM is a top 10 member favorite on Outlet Louis Vuitton Online Store. Save on yours before they're sold out!\",\"breadcrumb\":{\"@id\":\"https:\/\/www.outletbag.us.com\/home\/product\/louis-vuitton-m45124-escale-nono-mm\/#breadcrumb\"},\"inLanguage\":\"en-US\",\"potentialAction\":[{\"@type\":\"ReadAction\",\"target\":[\"https:\/\/www.outletbag.us.com\/home\/product\/louis-vuitton-m45124-escale-nono-mm\/\"]}]},{\"@type\":\"ImageObject\",\"inLanguage\":\"en-US\",\"@id\":\"https:\/\/www.outletbag.us.com\/home\/product\/louis-vuitton-m45124-escale-nono-mm\/#primaryimage\",\"url\":\"https:\/\/www.outletbag.us.com\/wp-content\/uploads\/2023\/02\/7f3ac88d4f0ff235955550bb9665bca3.jpg\",\"contentUrl\":\"https:\/\/www.outletbag.us.com\/wp-content\/uploads\/2023\/02\/7f3ac88d4f0ff235955550bb9665bca3.jpg\",\"width\":800,\"height\":800},{\"@type\":\"BreadcrumbList\",\"@id\":\"https:\/\/www.outletbag.us.com\/home\/product\/louis-vuitton-m45124-escale-nono-mm\/#breadcrumb\",\"itemListElement\":[{\"@type\":\"ListItem\",\"position\":1,\"name\":\"Home\",\"item\":\"https:\/\/www.outletbag.shop\/shop\/\"},{\"@type\":\"ListItem\",\"position\":2,\"name\":\"Louis Vuitton Outlet Sale\",\"item\":\"https:\/\/www.outletbag.shop\/shop\/shop\/\"},{\"@type\":\"ListItem\",\"position\":3,\"name\":\"Louis Vuitton M45124 Escale N\u00e9ono\u00e9 MM\"}]},{\"@type\":\"WebSite\",\"@id\":\"https:\/\/www.outletbag.shop\/shop\/#website\",\"url\":\"https:\/\/www.outletbag.shop\/shop\/\",\"name\":\"Louis Vuitton Outlet \u00ae\",\"description\":\"Bags Outlet \u00ae\",\"publisher\":{\"@id\":\"https:\/\/www.outletbag.shop\/shop\/#organization\"},\"alternateName\":\"Lv Outlet\",\"potentialAction\":[{\"@type\":\"SearchAction\",\"target\":{\"@type\":\"EntryPoint\",\"urlTemplate\":\"https:\/\/www.outletbag.shop\/shop\/?s={search_term_string}\"},\"query-input\":{\"@type\":\"PropertyValueSpecification\",\"valueRequired\":true,\"valueName\":\"search_term_string\"}}],\"inLanguage\":\"en-US\"},{\"@type\":[\"Organization\",\"Place\",\"ShoppingCenter\"],\"@id\":\"https:\/\/www.outletbag.shop\/shop\/#organization\",\"name\":\"Louis Vuitton Outlet\",\"alternateName\":\"Lv Outlet\",\"url\":\"https:\/\/www.outletbag.shop\/shop\/\",\"logo\":{\"@id\":\"https:\/\/www.outletbag.us.com\/home\/product\/louis-vuitton-m45124-escale-nono-mm\/#local-main-organization-logo\"},\"image\":{\"@id\":\"https:\/\/www.outletbag.us.com\/home\/product\/louis-vuitton-m45124-escale-nono-mm\/#local-main-organization-logo\"},\"publishingPrinciples\":\"https:\/\/www.outletbag.shop\/shop\/faq\/\",\"ownershipFundingInfo\":\"https:\/\/www.outletbag.shop\/shop\/contact-us\/\",\"address\":{\"@id\":\"https:\/\/www.outletbag.us.com\/home\/product\/louis-vuitton-m45124-escale-nono-mm\/#local-main-place-address\"},\"telephone\":[],\"openingHoursSpecification\":[{\"@type\":\"OpeningHoursSpecification\",\"dayOfWeek\":[\"Monday\",\"Tuesday\",\"Wednesday\",\"Thursday\",\"Friday\",\"Saturday\",\"Sunday\"],\"opens\":\"09:00\",\"closes\":\"20:00\"}],\"email\":\"servicebags711@gmail.com\",\"areaServed\":\"US,CA,EU,AU\",\"priceRange\":\"$\",\"paymentAccepted\":\"Paypal\"},{\"@type\":\"PostalAddress\",\"@id\":\"https:\/\/www.outletbag.us.com\/home\/product\/louis-vuitton-m45124-escale-nono-mm\/#local-main-place-address\",\"streetAddress\":\"1949 W Corporate Way #11282\",\"addressLocality\":\"Anaheim\",\"postalCode\":\"92801\",\"addressRegion\":\"California\",\"addressCountry\":\"US\"},{\"@type\":\"ImageObject\",\"inLanguage\":\"en-US\",\"@id\":\"https:\/\/www.outletbag.us.com\/home\/product\/louis-vuitton-m45124-escale-nono-mm\/#local-main-organization-logo\",\"url\":\"https:\/\/www.outletbag.us.com\/wp-content\/uploads\/2025\/12\/louis_vuitton_outlet.png\",\"contentUrl\":\"https:\/\/www.outletbag.us.com\/wp-content\/uploads\/2025\/12\/louis_vuitton_outlet.png\",\"width\":2516,\"height\":956,\"caption\":\"Louis Vuitton Outlet\"}]}<\/script>\n<meta property=\"product:brand\" content=\"Louis Vuitton\" \/>\n<meta property=\"product:price:amount\" content=\"260.00\" \/>\n<meta property=\"product:price:currency\" content=\"USD\" \/>\n<meta property=\"og:availability\" content=\"instock\" \/>\n<meta property=\"product:availability\" content=\"instock\" \/>\n<meta property=\"product:retailer_item_id\" content=\"M45124\" \/>\n<meta property=\"product:condition\" content=\"new\" \/>\n<meta name=\"geo.placename\" content=\"Anaheim\" \/>\n<meta name=\"geo.region\" content=\"United States (US)\" \/>\n<!-- \/ Yoast SEO Premium plugin. -->","yoast_head_json":{"title":"Outlet Louis Vuitton M45124 Escale N\u00e9ono\u00e9 MM On Sale - Bags Outlet \u00ae","description":"Get one of the hottest styles of the season! The Outlet Louis Vuitton M45124 Escale N\u00e9ono\u00e9 MM is a top 10 member favorite on Outlet Louis Vuitton Online Store. Save on yours before they're sold out!","robots":{"index":"index","follow":"follow","max-snippet":"max-snippet:-1","max-image-preview":"max-image-preview:large","max-video-preview":"max-video-preview:-1"},"canonical":"https:\/\/www.outletbag.us.com\/home\/product\/louis-vuitton-m45124-escale-nono-mm\/","og_locale":"en_US","og_type":"article","og_title":"Outlet Louis Vuitton M45124 Escale N\u00e9ono\u00e9 MM On Sale - Bags Outlet \u00ae","og_description":"Get one of the hottest styles of the season! The Outlet Louis Vuitton M45124 Escale N\u00e9ono\u00e9 MM is a top 10 member favorite on Outlet Louis Vuitton Online Store. Save on yours before they're sold out!","og_url":"https:\/\/www.outletbag.us.com\/home\/product\/louis-vuitton-m45124-escale-nono-mm\/","og_site_name":"Bags Outlet \u00ae","article_modified_time":"2026-04-29T02:44:04+00:00","og_image":[{"width":800,"height":800,"url":"https:\/\/www.outletbag.us.com\/wp-content\/uploads\/2023\/02\/7f3ac88d4f0ff235955550bb9665bca3.jpg","type":"image\/jpeg"}],"twitter_card":"summary_large_image","schema":{"@context":"https:\/\/schema.org","@graph":[{"@type":["WebPage","ItemPage"],"@id":"https:\/\/www.outletbag.us.com\/home\/product\/louis-vuitton-m45124-escale-nono-mm\/","url":"https:\/\/www.outletbag.us.com\/home\/product\/louis-vuitton-m45124-escale-nono-mm\/","name":"Outlet Louis Vuitton M45124 Escale N\u00e9ono\u00e9 MM On Sale - Bags Outlet \u00ae","isPartOf":{"@id":"https:\/\/www.outletbag.shop\/shop\/#website"},"primaryImageOfPage":{"@id":"https:\/\/www.outletbag.us.com\/home\/product\/louis-vuitton-m45124-escale-nono-mm\/#primaryimage"},"image":{"@id":"https:\/\/www.outletbag.us.com\/home\/product\/louis-vuitton-m45124-escale-nono-mm\/#primaryimage"},"thumbnailUrl":"https:\/\/www.outletbag.us.com\/wp-content\/uploads\/2023\/02\/7f3ac88d4f0ff235955550bb9665bca3.jpg","datePublished":"2023-02-20T02:28:53+00:00","dateModified":"2026-04-29T02:44:04+00:00","description":"Get one of the hottest styles of the season! The Outlet Louis Vuitton M45124 Escale N\u00e9ono\u00e9 MM is a top 10 member favorite on Outlet Louis Vuitton Online Store. Save on yours before they're sold out!","breadcrumb":{"@id":"https:\/\/www.outletbag.us.com\/home\/product\/louis-vuitton-m45124-escale-nono-mm\/#breadcrumb"},"inLanguage":"en-US","potentialAction":[{"@type":"ReadAction","target":["https:\/\/www.outletbag.us.com\/home\/product\/louis-vuitton-m45124-escale-nono-mm\/"]}]},{"@type":"ImageObject","inLanguage":"en-US","@id":"https:\/\/www.outletbag.us.com\/home\/product\/louis-vuitton-m45124-escale-nono-mm\/#primaryimage","url":"https:\/\/www.outletbag.us.com\/wp-content\/uploads\/2023\/02\/7f3ac88d4f0ff235955550bb9665bca3.jpg","contentUrl":"https:\/\/www.outletbag.us.com\/wp-content\/uploads\/2023\/02\/7f3ac88d4f0ff235955550bb9665bca3.jpg","width":800,"height":800},{"@type":"BreadcrumbList","@id":"https:\/\/www.outletbag.us.com\/home\/product\/louis-vuitton-m45124-escale-nono-mm\/#breadcrumb","itemListElement":[{"@type":"ListItem","position":1,"name":"Home","item":"https:\/\/www.outletbag.shop\/shop\/"},{"@type":"ListItem","position":2,"name":"Louis Vuitton Outlet Sale","item":"https:\/\/www.outletbag.shop\/shop\/shop\/"},{"@type":"ListItem","position":3,"name":"Louis Vuitton M45124 Escale N\u00e9ono\u00e9 MM"}]},{"@type":"WebSite","@id":"https:\/\/www.outletbag.shop\/shop\/#website","url":"https:\/\/www.outletbag.shop\/shop\/","name":"Louis Vuitton Outlet \u00ae","description":"Bags Outlet \u00ae","publisher":{"@id":"https:\/\/www.outletbag.shop\/shop\/#organization"},"alternateName":"Lv Outlet","potentialAction":[{"@type":"SearchAction","target":{"@type":"EntryPoint","urlTemplate":"https:\/\/www.outletbag.shop\/shop\/?s={search_term_string}"},"query-input":{"@type":"PropertyValueSpecification","valueRequired":true,"valueName":"search_term_string"}}],"inLanguage":"en-US"},{"@type":["Organization","Place","ShoppingCenter"],"@id":"https:\/\/www.outletbag.shop\/shop\/#organization","name":"Louis Vuitton Outlet","alternateName":"Lv Outlet","url":"https:\/\/www.outletbag.shop\/shop\/","logo":{"@id":"https:\/\/www.outletbag.us.com\/home\/product\/louis-vuitton-m45124-escale-nono-mm\/#local-main-organization-logo"},"image":{"@id":"https:\/\/www.outletbag.us.com\/home\/product\/louis-vuitton-m45124-escale-nono-mm\/#local-main-organization-logo"},"publishingPrinciples":"https:\/\/www.outletbag.shop\/shop\/faq\/","ownershipFundingInfo":"https:\/\/www.outletbag.shop\/shop\/contact-us\/","address":{"@id":"https:\/\/www.outletbag.us.com\/home\/product\/louis-vuitton-m45124-escale-nono-mm\/#local-main-place-address"},"telephone":[],"openingHoursSpecification":[{"@type":"OpeningHoursSpecification","dayOfWeek":["Monday","Tuesday","Wednesday","Thursday","Friday","Saturday","Sunday"],"opens":"09:00","closes":"20:00"}],"email":"servicebags711@gmail.com","areaServed":"US,CA,EU,AU","priceRange":"$","paymentAccepted":"Paypal"},{"@type":"PostalAddress","@id":"https:\/\/www.outletbag.us.com\/home\/product\/louis-vuitton-m45124-escale-nono-mm\/#local-main-place-address","streetAddress":"1949 W Corporate Way #11282","addressLocality":"Anaheim","postalCode":"92801","addressRegion":"California","addressCountry":"US"},{"@type":"ImageObject","inLanguage":"en-US","@id":"https:\/\/www.outletbag.us.com\/home\/product\/louis-vuitton-m45124-escale-nono-mm\/#local-main-organization-logo","url":"https:\/\/www.outletbag.us.com\/wp-content\/uploads\/2025\/12\/louis_vuitton_outlet.png","contentUrl":"https:\/\/www.outletbag.us.com\/wp-content\/uploads\/2025\/12\/louis_vuitton_outlet.png","width":2516,"height":956,"caption":"Louis Vuitton Outlet"}]},"product_brand":"Louis Vuitton","product_price_amount":"260.00","product_price_currency":"USD","og_availability":"instock","product_availability":"instock","product_retailer_item_id":"M45124","product_condition":"new","geo.placename":"Anaheim","geo.region":"United States (US)"},"_links":{"self":[{"href":"https:\/\/www.outletbag.us.com\/home\/wp-json\/wp\/v2\/product\/9463","targetHints":{"allow":["GET"]}}],"collection":[{"href":"https:\/\/www.outletbag.us.com\/home\/wp-json\/wp\/v2\/product"}],"about":[{"href":"https:\/\/www.outletbag.us.com\/home\/wp-json\/wp\/v2\/types\/product"}],"version-history":[{"count":0,"href":"https:\/\/www.outletbag.us.com\/home\/wp-json\/wp\/v2\/product\/9463\/revisions"}],"wp:featuredmedia":[{"embeddable":true,"href":"https:\/\/www.outletbag.us.com\/home\/wp-json\/wp\/v2\/media\/9464"}],"wp:attachment":[{"href":"https:\/\/www.outletbag.us.com\/home\/wp-json\/wp\/v2\/media?parent=9463"}],"wp:term":[{"taxonomy":"product_brand","embeddable":true,"href":"https:\/\/www.outletbag.us.com\/home\/wp-json\/wp\/v2\/product_brand?post=9463"},{"taxonomy":"product_cat","embeddable":true,"href":"https:\/\/www.outletbag.us.com\/home\/wp-json\/wp\/v2\/product_cat?post=9463"},{"taxonomy":"product_tag","embeddable":true,"href":"https:\/\/www.outletbag.us.com\/home\/wp-json\/wp\/v2\/product_tag?post=9463"}],"curies":[{"name":"wp","href":"https:\/\/api.w.org\/{rel}","templated":true}]}}