{"id":12372,"date":"2023-09-25T16:23:47","date_gmt":"2023-09-25T16:23:47","guid":{"rendered":"https:\/\/buy.williamscookstools.com\/?post_type=product&#038;p=12372"},"modified":"2026-04-28T04:11:39","modified_gmt":"2026-04-28T02:13:25","slug":"louis-vuitton-m81266-nano-noe","status":"publish","type":"product","link":"https:\/\/www.outletbag.us.com\/home\/product\/louis-vuitton-m81266-nano-noe\/","title":{"rendered":"Louis Vuitton M81266 Nano No\u00e9"},"content":{"rendered":"<p>The Nano No\u00e9 is a miniature version of the iconic No\u00e9 bag, created in 1932. Crafted from Monogram canvas with trim in natural cowhide leather, this tiny Nano No\u00e9 combines heritage with modern functionality. Its removable handle and removable, adjustable strap offer multiple carry options, while it is spacious enough to hold essentials including keys, a card holder and a smartphone.<\/p>\n<div class=\"lv-product-detailed-features\">\n<div>\n<div class=\"lv-product-dimension body-s lv-product-detailed-features__dimensions\"><bdo dir=\"ltr\">5.1 x 6.3 x 3.9\u00a0<\/bdo>inches<bdo dir=\"ltr\"><\/bdo><br \/>\n(length x Height x Width)<\/div>\n<div class=\"lv-product-detailed-features__description body-s\">\n<ul>\n<li>Monogram coated canvas<\/li>\n<li>Colored cowhide leather trim<\/li>\n<li>Microfiber lining<\/li>\n<li>Gold-color hardware<\/li>\n<li>Drawstring closure<\/li>\n<li>Strap:Removable, adjustable<\/li>\n<li>Strap drop: 17.9 inches<\/li>\n<li>Strap drop max: 21.3 inches<\/li>\n<li>Handle:Single, removable<\/li>\n<\/ul>\n<p>This reference is either Made in France, Spain, Italy or in the US.<\/p>\n<\/div>\n<\/div>\n<\/div>\n","protected":false},"excerpt":{"rendered":"<p>The Nano No\u00e9 is a miniature version of the iconic No\u00e9 bag, created in 1932. Crafted from Monogram canvas with<\/p>\n","protected":false},"featured_media":12373,"template":"","meta":[],"product_brand":[],"product_cat":[349,348,369,397,379],"product_tag":[],"class_list":{"0":"post-12372","1":"product","2":"type-product","3":"status-publish","4":"has-post-thumbnail","6":"product_cat-best-sellers","7":"product_cat-classic-bags","8":"product_cat-neonoe-bag","9":"product_cat-new-arrivals","10":"product_cat-on-clearance-sale","11":"pa_material-monogram","13":"first","14":"instock","15":"sale","16":"shipping-taxable","17":"purchasable","18":"product-type-simple"},"yoast_head":"<!-- This site is optimized with the Yoast SEO Premium plugin v25.5 (Yoast SEO v27.1.1) - https:\/\/yoast.com\/product\/yoast-seo-premium-wordpress\/ -->\n<title>Outlet Louis Vuitton M81266 Nano No\u00e9 On Sale - Bags Outlet \u00ae<\/title>\n<meta name=\"description\" content=\"Get one of the hottest styles of the season! The Outlet Louis Vuitton M81266 Nano No\u00e9 is a top 10 member favorite on Outlet Louis Vuitton Online Store. Save on yours before they&#039;re sold out!\" \/>\n<meta name=\"robots\" content=\"index, follow, max-snippet:-1, max-image-preview:large, max-video-preview:-1\" \/>\n<link rel=\"canonical\" href=\"https:\/\/www.outletbag.us.com\/home\/product\/louis-vuitton-m81266-nano-noe\/\" \/>\n<meta property=\"og:locale\" content=\"en_US\" \/>\n<meta property=\"og:type\" content=\"article\" \/>\n<meta property=\"og:title\" content=\"Outlet Louis Vuitton M81266 Nano No\u00e9 On Sale - Bags Outlet \u00ae\" \/>\n<meta property=\"og:description\" content=\"Get one of the hottest styles of the season! The Outlet Louis Vuitton M81266 Nano No\u00e9 is a top 10 member favorite on Outlet Louis Vuitton Online Store. Save on yours before they&#039;re sold out!\" \/>\n<meta property=\"og:url\" content=\"https:\/\/www.outletbag.us.com\/home\/product\/louis-vuitton-m81266-nano-noe\/\" \/>\n<meta property=\"og:site_name\" content=\"Bags Outlet \u00ae\" \/>\n<meta property=\"article:modified_time\" content=\"2026-04-28T02:13:25+00:00\" \/>\n<meta property=\"og:image\" content=\"https:\/\/www.outletbag.us.com\/wp-content\/uploads\/2023\/09\/louis-vuitton-nano-noe\u0301-monogram-small-leather-goods-M81266_PM2_Front-view.jpg\" \/>\n\t<meta property=\"og:image:width\" content=\"1440\" \/>\n\t<meta property=\"og:image:height\" content=\"1440\" \/>\n\t<meta property=\"og:image:type\" content=\"image\/jpeg\" \/>\n<meta name=\"twitter:card\" content=\"summary_large_image\" \/>\n<script type=\"application\/ld+json\" class=\"yoast-schema-graph\">{\"@context\":\"https:\/\/schema.org\",\"@graph\":[{\"@type\":[\"WebPage\",\"ItemPage\"],\"@id\":\"https:\/\/www.outletbag.us.com\/home\/product\/louis-vuitton-m81266-nano-noe\/\",\"url\":\"https:\/\/www.outletbag.us.com\/home\/product\/louis-vuitton-m81266-nano-noe\/\",\"name\":\"Outlet Louis Vuitton M81266 Nano No\u00e9 On Sale - Bags Outlet \u00ae\",\"isPartOf\":{\"@id\":\"https:\/\/www.outletbag.shop\/shop\/#website\"},\"primaryImageOfPage\":{\"@id\":\"https:\/\/www.outletbag.us.com\/home\/product\/louis-vuitton-m81266-nano-noe\/#primaryimage\"},\"image\":{\"@id\":\"https:\/\/www.outletbag.us.com\/home\/product\/louis-vuitton-m81266-nano-noe\/#primaryimage\"},\"thumbnailUrl\":\"https:\/\/www.outletbag.us.com\/wp-content\/uploads\/2023\/09\/louis-vuitton-nano-noe\u0301-monogram-small-leather-goods-M81266_PM2_Front-view.jpg\",\"datePublished\":\"2023-09-25T16:23:47+00:00\",\"dateModified\":\"2026-04-28T02:13:25+00:00\",\"description\":\"Get one of the hottest styles of the season! The Outlet Louis Vuitton M81266 Nano No\u00e9 is a top 10 member favorite on Outlet Louis Vuitton Online Store. Save on yours before they're sold out!\",\"breadcrumb\":{\"@id\":\"https:\/\/www.outletbag.us.com\/home\/product\/louis-vuitton-m81266-nano-noe\/#breadcrumb\"},\"inLanguage\":\"en-US\",\"potentialAction\":[{\"@type\":\"ReadAction\",\"target\":[\"https:\/\/www.outletbag.us.com\/home\/product\/louis-vuitton-m81266-nano-noe\/\"]}]},{\"@type\":\"ImageObject\",\"inLanguage\":\"en-US\",\"@id\":\"https:\/\/www.outletbag.us.com\/home\/product\/louis-vuitton-m81266-nano-noe\/#primaryimage\",\"url\":\"https:\/\/www.outletbag.us.com\/wp-content\/uploads\/2023\/09\/louis-vuitton-nano-noe\u0301-monogram-small-leather-goods-M81266_PM2_Front-view.jpg\",\"contentUrl\":\"https:\/\/www.outletbag.us.com\/wp-content\/uploads\/2023\/09\/louis-vuitton-nano-noe\u0301-monogram-small-leather-goods-M81266_PM2_Front-view.jpg\",\"width\":1440,\"height\":1440},{\"@type\":\"BreadcrumbList\",\"@id\":\"https:\/\/www.outletbag.us.com\/home\/product\/louis-vuitton-m81266-nano-noe\/#breadcrumb\",\"itemListElement\":[{\"@type\":\"ListItem\",\"position\":1,\"name\":\"Home\",\"item\":\"https:\/\/www.outletbag.shop\/shop\/\"},{\"@type\":\"ListItem\",\"position\":2,\"name\":\"Louis Vuitton Outlet Sale\",\"item\":\"https:\/\/www.outletbag.shop\/shop\/shop\/\"},{\"@type\":\"ListItem\",\"position\":3,\"name\":\"Louis Vuitton M81266 Nano No\u00e9\"}]},{\"@type\":\"WebSite\",\"@id\":\"https:\/\/www.outletbag.shop\/shop\/#website\",\"url\":\"https:\/\/www.outletbag.shop\/shop\/\",\"name\":\"Louis Vuitton Outlet \u00ae\",\"description\":\"Bags Outlet \u00ae\",\"publisher\":{\"@id\":\"https:\/\/www.outletbag.shop\/shop\/#organization\"},\"alternateName\":\"Lv Outlet\",\"potentialAction\":[{\"@type\":\"SearchAction\",\"target\":{\"@type\":\"EntryPoint\",\"urlTemplate\":\"https:\/\/www.outletbag.shop\/shop\/?s={search_term_string}\"},\"query-input\":{\"@type\":\"PropertyValueSpecification\",\"valueRequired\":true,\"valueName\":\"search_term_string\"}}],\"inLanguage\":\"en-US\"},{\"@type\":[\"Organization\",\"Place\",\"ShoppingCenter\"],\"@id\":\"https:\/\/www.outletbag.shop\/shop\/#organization\",\"name\":\"Louis Vuitton Outlet\",\"alternateName\":\"Lv Outlet\",\"url\":\"https:\/\/www.outletbag.shop\/shop\/\",\"logo\":{\"@id\":\"https:\/\/www.outletbag.us.com\/home\/product\/louis-vuitton-m81266-nano-noe\/#local-main-organization-logo\"},\"image\":{\"@id\":\"https:\/\/www.outletbag.us.com\/home\/product\/louis-vuitton-m81266-nano-noe\/#local-main-organization-logo\"},\"publishingPrinciples\":\"https:\/\/www.outletbag.shop\/shop\/faq\/\",\"ownershipFundingInfo\":\"https:\/\/www.outletbag.shop\/shop\/contact-us\/\",\"address\":{\"@id\":\"https:\/\/www.outletbag.us.com\/home\/product\/louis-vuitton-m81266-nano-noe\/#local-main-place-address\"},\"telephone\":[],\"openingHoursSpecification\":[{\"@type\":\"OpeningHoursSpecification\",\"dayOfWeek\":[\"Monday\",\"Tuesday\",\"Wednesday\",\"Thursday\",\"Friday\",\"Saturday\",\"Sunday\"],\"opens\":\"09:00\",\"closes\":\"20:00\"}],\"email\":\"servicebags711@gmail.com\",\"areaServed\":\"US,CA,EU,AU\",\"priceRange\":\"$\",\"paymentAccepted\":\"Paypal\"},{\"@type\":\"PostalAddress\",\"@id\":\"https:\/\/www.outletbag.us.com\/home\/product\/louis-vuitton-m81266-nano-noe\/#local-main-place-address\",\"streetAddress\":\"1949 W Corporate Way #11282\",\"addressLocality\":\"Anaheim\",\"postalCode\":\"92801\",\"addressRegion\":\"California\",\"addressCountry\":\"US\"},{\"@type\":\"ImageObject\",\"inLanguage\":\"en-US\",\"@id\":\"https:\/\/www.outletbag.us.com\/home\/product\/louis-vuitton-m81266-nano-noe\/#local-main-organization-logo\",\"url\":\"https:\/\/www.outletbag.us.com\/wp-content\/uploads\/2025\/12\/louis_vuitton_outlet.png\",\"contentUrl\":\"https:\/\/www.outletbag.us.com\/wp-content\/uploads\/2025\/12\/louis_vuitton_outlet.png\",\"width\":2516,\"height\":956,\"caption\":\"Louis Vuitton Outlet\"}]}<\/script>\n<meta property=\"product:brand\" content=\"Louis Vuitton\" \/>\n<meta property=\"product:price:amount\" content=\"170.00\" \/>\n<meta property=\"product:price:currency\" content=\"USD\" \/>\n<meta property=\"og:availability\" content=\"instock\" \/>\n<meta property=\"product:availability\" content=\"instock\" \/>\n<meta property=\"product:retailer_item_id\" content=\"M81266\" \/>\n<meta property=\"product:condition\" content=\"new\" \/>\n<meta name=\"geo.placename\" content=\"Anaheim\" \/>\n<meta name=\"geo.region\" content=\"United States (US)\" \/>\n<!-- \/ Yoast SEO Premium plugin. -->","yoast_head_json":{"title":"Outlet Louis Vuitton M81266 Nano No\u00e9 On Sale - Bags Outlet \u00ae","description":"Get one of the hottest styles of the season! The Outlet Louis Vuitton M81266 Nano No\u00e9 is a top 10 member favorite on Outlet Louis Vuitton Online Store. Save on yours before they're sold out!","robots":{"index":"index","follow":"follow","max-snippet":"max-snippet:-1","max-image-preview":"max-image-preview:large","max-video-preview":"max-video-preview:-1"},"canonical":"https:\/\/www.outletbag.us.com\/home\/product\/louis-vuitton-m81266-nano-noe\/","og_locale":"en_US","og_type":"article","og_title":"Outlet Louis Vuitton M81266 Nano No\u00e9 On Sale - Bags Outlet \u00ae","og_description":"Get one of the hottest styles of the season! The Outlet Louis Vuitton M81266 Nano No\u00e9 is a top 10 member favorite on Outlet Louis Vuitton Online Store. Save on yours before they're sold out!","og_url":"https:\/\/www.outletbag.us.com\/home\/product\/louis-vuitton-m81266-nano-noe\/","og_site_name":"Bags Outlet \u00ae","article_modified_time":"2026-04-28T02:13:25+00:00","og_image":[{"width":1440,"height":1440,"url":"https:\/\/www.outletbag.us.com\/wp-content\/uploads\/2023\/09\/louis-vuitton-nano-noe\u0301-monogram-small-leather-goods-M81266_PM2_Front-view.jpg","type":"image\/jpeg"}],"twitter_card":"summary_large_image","schema":{"@context":"https:\/\/schema.org","@graph":[{"@type":["WebPage","ItemPage"],"@id":"https:\/\/www.outletbag.us.com\/home\/product\/louis-vuitton-m81266-nano-noe\/","url":"https:\/\/www.outletbag.us.com\/home\/product\/louis-vuitton-m81266-nano-noe\/","name":"Outlet Louis Vuitton M81266 Nano No\u00e9 On Sale - Bags Outlet \u00ae","isPartOf":{"@id":"https:\/\/www.outletbag.shop\/shop\/#website"},"primaryImageOfPage":{"@id":"https:\/\/www.outletbag.us.com\/home\/product\/louis-vuitton-m81266-nano-noe\/#primaryimage"},"image":{"@id":"https:\/\/www.outletbag.us.com\/home\/product\/louis-vuitton-m81266-nano-noe\/#primaryimage"},"thumbnailUrl":"https:\/\/www.outletbag.us.com\/wp-content\/uploads\/2023\/09\/louis-vuitton-nano-noe\u0301-monogram-small-leather-goods-M81266_PM2_Front-view.jpg","datePublished":"2023-09-25T16:23:47+00:00","dateModified":"2026-04-28T02:13:25+00:00","description":"Get one of the hottest styles of the season! The Outlet Louis Vuitton M81266 Nano No\u00e9 is a top 10 member favorite on Outlet Louis Vuitton Online Store. Save on yours before they're sold out!","breadcrumb":{"@id":"https:\/\/www.outletbag.us.com\/home\/product\/louis-vuitton-m81266-nano-noe\/#breadcrumb"},"inLanguage":"en-US","potentialAction":[{"@type":"ReadAction","target":["https:\/\/www.outletbag.us.com\/home\/product\/louis-vuitton-m81266-nano-noe\/"]}]},{"@type":"ImageObject","inLanguage":"en-US","@id":"https:\/\/www.outletbag.us.com\/home\/product\/louis-vuitton-m81266-nano-noe\/#primaryimage","url":"https:\/\/www.outletbag.us.com\/wp-content\/uploads\/2023\/09\/louis-vuitton-nano-noe\u0301-monogram-small-leather-goods-M81266_PM2_Front-view.jpg","contentUrl":"https:\/\/www.outletbag.us.com\/wp-content\/uploads\/2023\/09\/louis-vuitton-nano-noe\u0301-monogram-small-leather-goods-M81266_PM2_Front-view.jpg","width":1440,"height":1440},{"@type":"BreadcrumbList","@id":"https:\/\/www.outletbag.us.com\/home\/product\/louis-vuitton-m81266-nano-noe\/#breadcrumb","itemListElement":[{"@type":"ListItem","position":1,"name":"Home","item":"https:\/\/www.outletbag.shop\/shop\/"},{"@type":"ListItem","position":2,"name":"Louis Vuitton Outlet Sale","item":"https:\/\/www.outletbag.shop\/shop\/shop\/"},{"@type":"ListItem","position":3,"name":"Louis Vuitton M81266 Nano No\u00e9"}]},{"@type":"WebSite","@id":"https:\/\/www.outletbag.shop\/shop\/#website","url":"https:\/\/www.outletbag.shop\/shop\/","name":"Louis Vuitton Outlet \u00ae","description":"Bags Outlet \u00ae","publisher":{"@id":"https:\/\/www.outletbag.shop\/shop\/#organization"},"alternateName":"Lv Outlet","potentialAction":[{"@type":"SearchAction","target":{"@type":"EntryPoint","urlTemplate":"https:\/\/www.outletbag.shop\/shop\/?s={search_term_string}"},"query-input":{"@type":"PropertyValueSpecification","valueRequired":true,"valueName":"search_term_string"}}],"inLanguage":"en-US"},{"@type":["Organization","Place","ShoppingCenter"],"@id":"https:\/\/www.outletbag.shop\/shop\/#organization","name":"Louis Vuitton Outlet","alternateName":"Lv Outlet","url":"https:\/\/www.outletbag.shop\/shop\/","logo":{"@id":"https:\/\/www.outletbag.us.com\/home\/product\/louis-vuitton-m81266-nano-noe\/#local-main-organization-logo"},"image":{"@id":"https:\/\/www.outletbag.us.com\/home\/product\/louis-vuitton-m81266-nano-noe\/#local-main-organization-logo"},"publishingPrinciples":"https:\/\/www.outletbag.shop\/shop\/faq\/","ownershipFundingInfo":"https:\/\/www.outletbag.shop\/shop\/contact-us\/","address":{"@id":"https:\/\/www.outletbag.us.com\/home\/product\/louis-vuitton-m81266-nano-noe\/#local-main-place-address"},"telephone":[],"openingHoursSpecification":[{"@type":"OpeningHoursSpecification","dayOfWeek":["Monday","Tuesday","Wednesday","Thursday","Friday","Saturday","Sunday"],"opens":"09:00","closes":"20:00"}],"email":"servicebags711@gmail.com","areaServed":"US,CA,EU,AU","priceRange":"$","paymentAccepted":"Paypal"},{"@type":"PostalAddress","@id":"https:\/\/www.outletbag.us.com\/home\/product\/louis-vuitton-m81266-nano-noe\/#local-main-place-address","streetAddress":"1949 W Corporate Way #11282","addressLocality":"Anaheim","postalCode":"92801","addressRegion":"California","addressCountry":"US"},{"@type":"ImageObject","inLanguage":"en-US","@id":"https:\/\/www.outletbag.us.com\/home\/product\/louis-vuitton-m81266-nano-noe\/#local-main-organization-logo","url":"https:\/\/www.outletbag.us.com\/wp-content\/uploads\/2025\/12\/louis_vuitton_outlet.png","contentUrl":"https:\/\/www.outletbag.us.com\/wp-content\/uploads\/2025\/12\/louis_vuitton_outlet.png","width":2516,"height":956,"caption":"Louis Vuitton Outlet"}]},"product_brand":"Louis Vuitton","product_price_amount":"170.00","product_price_currency":"USD","og_availability":"instock","product_availability":"instock","product_retailer_item_id":"M81266","product_condition":"new","geo.placename":"Anaheim","geo.region":"United States (US)"},"_links":{"self":[{"href":"https:\/\/www.outletbag.us.com\/home\/wp-json\/wp\/v2\/product\/12372","targetHints":{"allow":["GET"]}}],"collection":[{"href":"https:\/\/www.outletbag.us.com\/home\/wp-json\/wp\/v2\/product"}],"about":[{"href":"https:\/\/www.outletbag.us.com\/home\/wp-json\/wp\/v2\/types\/product"}],"version-history":[{"count":0,"href":"https:\/\/www.outletbag.us.com\/home\/wp-json\/wp\/v2\/product\/12372\/revisions"}],"wp:featuredmedia":[{"embeddable":true,"href":"https:\/\/www.outletbag.us.com\/home\/wp-json\/wp\/v2\/media\/12373"}],"wp:attachment":[{"href":"https:\/\/www.outletbag.us.com\/home\/wp-json\/wp\/v2\/media?parent=12372"}],"wp:term":[{"taxonomy":"product_brand","embeddable":true,"href":"https:\/\/www.outletbag.us.com\/home\/wp-json\/wp\/v2\/product_brand?post=12372"},{"taxonomy":"product_cat","embeddable":true,"href":"https:\/\/www.outletbag.us.com\/home\/wp-json\/wp\/v2\/product_cat?post=12372"},{"taxonomy":"product_tag","embeddable":true,"href":"https:\/\/www.outletbag.us.com\/home\/wp-json\/wp\/v2\/product_tag?post=12372"}],"curies":[{"name":"wp","href":"https:\/\/api.w.org\/{rel}","templated":true}]}}